{"id":2,"date":"2016-05-10T03:48:21","date_gmt":"2016-05-10T03:48:21","guid":{"rendered":"https:\/\/Sylt.Casa\/?page_id=2"},"modified":"2022-08-11T19:25:47","modified_gmt":"2022-08-11T19:25:47","slug":"sample-page","status":"publish","type":"page","link":"https:\/\/Sylt.Casa\/","title":{"rendered":"Willkommen im Smeelwai 9"},"content":{"rendered":"\n<p><span style=\"font-size: revert;\"><a href=\"https:\/\/Sylt.Casa\/?page_id=29\">Informationen (mit Bildergallerie)<\/a><\/span> I <a href=\"https:\/\/www.google.de\/maps\/place\/Smeelwai+9,+25980+Sylt\/@54.9121931,8.3187613,483m\/data=!3m2!1e3!4b1!4m5!3m4!1s0x47b4de9a6acf8413:0xf5cbcbe66780ed09!8m2!3d54.91219!4d8.32095\">Lage (Google-Maps)<\/a><\/p>\n\n\n\n<p><span style=\"font-size: revert;\">Die Wohnungen im Smeelwai 9 in Westerland (Details hier) werden vermietet durch <strong><a href=\"http:\/\/www.sylt-fewo.info\">Ferienwohnung-Vemietung Kai Petersen<\/a> (04651-99 55 77)<\/strong>. Klicken Sie <a href=\"http:\/\/www.sylt-fewo.info\">hier<\/a> f\u00fcr eine Anfrage zur Verf\u00fcgbarkeit und um zu buchen.<\/span><\/p>\n\n\n\n<p>F\u00fcr Mieter gibt es <a href=\"https:\/\/Sylt.Casa\/?page_id=14\">HIER<\/a> wichtige Informationen zum Gebrauch der Wohnungen (Fersehen, Internet, Heizung u.a.).<\/p>\n\n\n\nngg_shortcode_0_placeholder\n\n\n\n<p>Offizielle Saisonzeiten des Insel-Sylt-Tourismus-Service <a href=\"https:\/\/www.insel-sylt.de\/vermieter-service\/vermieter-service-insulare-syltsaisonzeiten\/\">hier<\/a>. Nachfolgend die Bildergallerie des Insel-Sylt-Tourismus-Service.<\/p>\n\n\n\nngg_shortcode_1_placeholder\n","protected":false},"excerpt":{"rendered":"<p>Informationen (mit Bildergallerie) I Lage (Google-Maps) Die Wohnungen im Smeelwai 9 in Westerland (Details hier) werden vermietet durch Ferienwohnung-Vemietung Kai Petersen (04651-99 55 77). Klicken Sie hier f\u00fcr eine Anfrage zur Verf\u00fcgbarkeit und um zu buchen. F\u00fcr Mieter gibt es HIER wichtige Informationen zum Gebrauch der Wohnungen (Fersehen, Internet, Heizung u.a.). Offizielle Saisonzeiten des Insel-Sylt-Tourismus-Service &hellip; <\/p>\n<p class=\"link-more\"><a href=\"https:\/\/Sylt.Casa\/\" class=\"more-link\"><span class=\"screen-reader-text\">\u201eWillkommen im Smeelwai 9\u201c <\/span>weiterlesen<\/a><\/p>\n","protected":false},"author":1,"featured_media":0,"parent":0,"menu_order":0,"comment_status":"closed","ping_status":"open","template":"","meta":{"ngg_post_thumbnail":0,"footnotes":""},"class_list":["post-2","page","type-page","status-publish","hentry"],"_links":{"self":[{"href":"https:\/\/Sylt.Casa\/index.php?rest_route=\/wp\/v2\/pages\/2","targetHints":{"allow":["GET"]}}],"collection":[{"href":"https:\/\/Sylt.Casa\/index.php?rest_route=\/wp\/v2\/pages"}],"about":[{"href":"https:\/\/Sylt.Casa\/index.php?rest_route=\/wp\/v2\/types\/page"}],"author":[{"embeddable":true,"href":"https:\/\/Sylt.Casa\/index.php?rest_route=\/wp\/v2\/users\/1"}],"replies":[{"embeddable":true,"href":"https:\/\/Sylt.Casa\/index.php?rest_route=%2Fwp%2Fv2%2Fcomments&post=2"}],"version-history":[{"count":26,"href":"https:\/\/Sylt.Casa\/index.php?rest_route=\/wp\/v2\/pages\/2\/revisions"}],"predecessor-version":[{"id":134,"href":"https:\/\/Sylt.Casa\/index.php?rest_route=\/wp\/v2\/pages\/2\/revisions\/134"}],"wp:attachment":[{"href":"https:\/\/Sylt.Casa\/index.php?rest_route=%2Fwp%2Fv2%2Fmedia&parent=2"}],"curies":[{"name":"wp","href":"https:\/\/api.w.org\/{rel}","templated":true}]}}